9?
37
What is the highest common factor of 2317 and 34463720?
331
Calculate the greatest common factor of 350 and 182780300.
50
Calculate the highest common divisor of 5345 and 38861357.
1069
What is the highest common divisor of 6512952 and 516?
516
What is the highest common factor of 6611553 and 4329?
117
What is the highest common divisor of 22221403 and 197?
197
What is the highest common factor of 15 and 37768215?
15
What is the greatest common factor of 111098 and 338?
26
Calculate the greatest common divisor of 1449 and 1100274.
483
What is the highest common factor of 680 and 9757520?
40
Calculate the greatest common divisor of 2967 and 1518330.
129
What is the greatest common factor of 21411 and 4244643?
351
What is the greatest common divisor of 36002820 and 1035?
345
Calculate the greatest common divisor of 143138305 and 38.
19
Calculate the greatest common divisor of 56603528 and 33536.
1048
What is the highest common divisor of 252 and 186504?
12
What is the greatest common divisor of 13414740 and 320?
20
Calculate the greatest common divisor of 16567935 and 690.
345
What is the highest common factor of 794260804 and 383?
383
What is the greatest common factor of 1873977 and 2457?
21
What is the highest common factor of 76375314 and 8046?
2682
Calculate the greatest common divisor of 40 and 33112670.
10
Calculate the highest common factor of 45362926 and 161.
7
What is the greatest common divisor of 528 and 1312784?
176
What is the highest common factor of 96100 and 49418464?
3844
Calculate the greatest common factor of 72555 and 43260.
105
What is the greatest common divisor of 3564 and 203500?
44
What is the greatest common factor of 24 and 8161864?
8
Calculate the highest common factor of 216981 and 198.
9
Calculate the greatest common factor of 14130 and 1320370.
1570
Calculate the greatest common factor of 33892032 and 192.
192
What is the highest common factor of 16175 and 161666537?
647
What is the highest common divisor of 364054075 and 350?
175
Calculate the highest common factor of 4557 and 22393.
49
Calculate the highest common divisor of 154 and 123479587.
77
Calculate the greatest common divisor of 102111510 and 570.
570
Calculate the greatest common divisor of 87257664 and 542.
542
What is the greatest common divisor of 15805993 and 259?
259
Calculate the greatest common divisor of 78389115 and 35.
35
Calculate the greatest common divisor of 308874 and 54.
6
Calculate the highest common divisor of 52745849 and 1581.
527
Calculate the greatest common factor of 4068 and 122544.
36
Calculate the highest common factor of 351408 and 1608.
24
What is the highest common divisor of 704 and 2118512?
176
Calculate the greatest common factor of 23032714 and 274.
274
What is the highest common factor of 4 and 28631726?
2
What is the highest common factor of 1500 and 71898360?
60
Calculate the greatest common divisor of 295974 and 3480.
174
Calculate the highest common factor of 17883135 and 34029.
1791
What is the highest common factor of 522 and 1117845600?
174
Calculate the greatest common factor of 9761154 and 552.
138
Calculate the greatest common divisor of 1401924 and 264.
12
What is the highest common divisor of 112678 and 4941887?
1063
What is the greatest common divisor of 368 and 35566464?
368
What is the highest common factor of 70 and 8755130?
10
What is the highest common divisor of 10 and 35645820?
10
Calculate the highest common factor of 34390456 and 272.
136
What is the highest common divisor of 591450 and 3260?
10
What is the greatest common divisor of 76470846 and 37056?
1158
Calculate the highest common factor of 12056122 and 16152.
1346
Calculate the greatest common factor of 167143 and 117602.
463
Calculate the greatest common divisor of 53760 and 1223292.
84
Calculate the greatest common divisor of 1896 and 40806344.
632
What is the greatest common factor of 3 and 18392391?
3
Calculate the highest common factor of 4621521 and 647.
647
Calculate the greatest common divisor of 21414 and 6456.
6
Calculate the highest common divisor of 38520951 and 8967.
1281
Calculate the highest common divisor of 4445 and 1308372415.
4445
What is the greatest common factor of 113997 and 11139?
237
Calculate the highest common factor of 5248317 and 3.
3
Calculate the greatest common factor of 4131214 and 368.
46
What is the greatest common factor of 31140 and 12858225?
2595
What is the greatest common divisor of 116 and 295266139?
29
What is the greatest common factor of 95837392 and 24?
8
What is the greatest common divisor of 153 and 1224051?
51
What is the highest common factor of 1330 and 8873?
19
What is the highest common factor of 956998443 and 3?
3
What is the greatest common factor of 5440 and 1560056?
136
What is the highest common factor of 58368121 and 7?
7
What is the greatest common factor of 555 and 10226865?
15
What is the highest common divisor of 5762 and 2414546?
134
Calculate the greatest common divisor of 204 and 50252.
68
Calculate the highest common divisor of 1167 and 4727128.
389
Calculate the greatest common divisor of 511974 and 288.
18
Calculate the highest common factor of 96 and 383013984.
96
Calculate the highest common divisor of 305227763 and 7141.
7141
Calculate the highest common divisor of 512 and 70751872.
128
What is the highest common factor of 755044 and 703018?
1334
What is the highest common factor of 31540 and 180?
20
What is the highest common factor of 8655 and 101992251?
1731
What is the greatest common divisor of 3018 and 104650659?
1509
What is the greatest common divisor of 1068635 and 655?
5
Calculate the greatest common divisor of 99703318 and 7832.
1958
What is the highest common factor of 15778 and 899052?
98
What is the highest common factor of 3161 and 643007459?
3161
What is the greatest common factor of 29 and 30495559?
29
What is the highest common divisor of 2020630 and 5630?
10
Calculate the greatest common factor of 67963360 and 180.
20
What is the greatest common factor of 710 and 1738730?
10
Calculate the greatest common divisor of 22374281 and 29419.
2263
Calculate the greatest common divisor of 1631213160 and 120.
120
What is the greatest common divisor of 23577 and 241947?
87
Calculate the highest common factor of 21750 and 1490250.
750
Calculate the greatest common factor of 368108012 and 1069.
1069
Calculate the greatest common factor of 1619 and 47941828.
1619
Calculate the highest common factor of 158549 and 2591869.
479
Calculate the highest common factor of 223721352 and 1026.
1026
What is the highest common factor of 2327471 and 14743?
641
What is the highest common divisor of 19563043 and 3009?
59
What is the greatest common factor of 5748 and 28074669?
1437
What is the highest common factor of 14657123 and 559?
13
Calculate the greatest common factor of 7074 and 108808731.
3537
Calculate the greatest common factor of 1167351 and 24.
3
What is the greatest common divisor of 78 and 14103258?
78
Calculate the greatest common factor of 760155 and 43296.
33
What is the greatest common factor of 163 and 97961207?
163
Calculate the greatest common factor of 1785 and 76588315.
85
What is the highest common divisor of 29839992 and 44?
4
Calculate the highest common divisor of 46464881 and 4786.
2393
Calculate the greatest common factor of 24377469 and 27.
3
Calculate the greatest common divisor of 2444 and 21039382.
26
What is the greatest common divisor of 4212 and 2401524?
36
Calculate the greatest common factor of 4923081 and 90576.
153
What is the greatest common factor of 10211388 and 10428?
132
Calculate the highest common factor of 3340624 and 4018.
98
Calculate the highest common factor of 422615171 and 177.
59
Calculate the greatest common divisor of 13915 and 193177.
23
What is the highest common factor of 666 and 408555702?
666
Calculate the highest common divisor of 35212088 and 2186.
2186
Calculate the greatest common divisor of 4202610 and 60590.
730
Calculate the highest common divisor of 1079 and 261183.
13
What is the greatest common divisor of 5101284 and 12?
12
Calculate the greatest common factor of 14383 and 96896.
757
What is the highest common divisor of 52026209 and 1574?
787
What is the greatest common factor of 14755032 and 1422?